l + 5*j = 11, 0 = -2*l - 3*j + 7. What is the units digit of l?
2
Let x(m) = 2 + m + 0 + 0. Let l(f) = 4*f + 7. Let r(u) = -2*l(u) + 9*x(u). What is the units digit of r(0)?
4
Let u be (-1 - 3)/2 - 5. Let v(s) = -6*s - 5. Let k(g) = g. Let q(l) = 4*k(l) + v(l). What is the units digit of q(u)?
9
Let f = 236 - 470. What is the units digit of (2/6)/((-13)/f)?
6
Let k be (26/(-4) + 1)*-2. Let t = k + 18. What is the tens digit of t?
2
Suppose 106 = 3*c - 80. What is the units digit of c?
2
Let q = -10 + 27. Let r be 2*q + -3 + 1. Let u = -19 + r. What is the units digit of u?
3
Let l(a) = a**3 + 7*a**2 + 3*a + 7. What is the tens digit of l(-6)?
2
Let d(b) = -b**2 - 5*b - 1. Let o(c) = -c**2 - 5*c - 2. Suppose -5*r + 20 = -2*m, 0 = m + 2*r - r + 3. Let k be o(m). What is the units digit of d(k)?
5
Suppose 5*o + 189 = 9. Let d be (o/16)/((-3)/8). What is the units digit of 8/d*18/4?
6
Let t = 25 + -13. Suppose 4 + t = j. Suppose -j = o - 3*o. What is the units digit of o?
8
Let g(l) = l**3 - 10*l**2 + 5. Let b be g(10). Suppose -15 = -b*d - 0. What is the units digit of d?
3
Let y be ((-2)/(-5))/((-2)/(-10)). Suppose 16 = h + 3*c, -3*h - y*c + 30 = c. What is the units digit of h?
7
Suppose -5*d + 5*r + 315 = 0, -4*d + 4*r + 262 = 2*r. What is the tens digit of d?
6
Suppose 3*p = 3*f, f - 4*f + 14 = 4*p. What is the units digit of (-13)/(-4 + f + 1)?
3
Suppose 5*f = 10*f - 20. What is the units digit of f?
4
Let v(y) = 3*y**2 + 6*y - 11. What is the units digit of v(6)?
3
Suppose 0 = 3*d + 5*y - 22, -5*y + 10 = d - 4. Suppose d*l - 2*l = 0. Suppose 0 = 3*q - o - 6, 3*q + 3*o - 6 = -l*o. What is the units digit of q?
2
Let t = 153 + -102. What is the units digit of t?
1
Suppose 0 = 3*a + 2*a. What is the units digit of -1 + a + 2 + 5?
6
Let b = -1 - 0. Let v be (2 + b)/(1/2). Suppose 4*w + g - v*g = 11, w = -4*g + 7. What is the units digit of w?
3
Let r(m) = m**2. Let h be r(-1). What is the tens digit of (15 - 3) + -2*h?
1
Let k = -9 + 17. Let g = 9 + k. What is the units digit of g?
7
Suppose 5*g = -4*y - 12, 0 = -3*y - 5*g - 5 - 4. Let u be y/(-1) - 0/(-3). Suppose t - u + 1 = 0. What is the units digit of t?
2
Let c(q) = -q**3 - 15*q**2 - 2*q + 6. What is the units digit of c(-15)?
6
Let h = -255 - -381. What is the hundreds digit of h?
1
Suppose 5*y = -5*i, -3*i - 6 = 6. What is the units digit of y?
4
Suppose 8*j - 50 = -2. What is the units digit of j?
6
Let n(q) = 5*q + 1. Let z be n(2). Let u = z - 2. What is the units digit of u?
9
Suppose -2*f + 5*l = 2*l - 45, 4*l - 39 = -f. What is the tens digit of f?
2
Suppose n - 3*n = 3*j - 8, 0 = -3*j + 5*n - 20. Suppose -4*v + 3 + 17 = j. Let o(c) = -c**2 + 6*c - 2. What is the units digit of o(v)?
3
Let u(d) = d**2 - 6*d + 1. What is the units digit of u(11)?
6
Let p(g) = -g**2 - g + 3. Let f be (-1)/((-9)/4 + 2). Let w be p(f). Let x = w - -25. What is the units digit of x?
8
Suppose -3*s + 4*z - 24 = -0*s, -4*s + z = 32. Let j = -2 - s. Suppose j = -f + 2*y, 4*y - 1 = 3*f + 9. What is the units digit of f?
2
Let z(v) = v + 2*v - v + 6. Let s be z(-9). What is the units digit of s/(-5)*40/12?
8
Suppose -3*s + 41 = g, -3*g + s + 4*s + 109 = 0. What is the units digit of g?
8
Let a(n) = -2*n - 6. Let s be a(-4). Suppose s*u = -2*l - 2, l - 3 = 5*u - 10. What is the units digit of u?
1
Let y(l) = 4 - 4 - 1 + 2*l - 2. What is the units digit of y(2)?
1
Let y = -44 - -23. Let x be (-28)/(-21)*y/(-2). Suppose -t + x = -0. What is the units digit of t?
4
Let r be 55/3 + (-2)/6. Suppose -r = -v - 5*u, 2*v + 15 = 3*v + 4*u. Suppose 30 = 5*t + 5*y, -t + 5 - v = 2*y. What is the tens digit of t?
1
Let w = -232 + 459. What is the tens digit of w?
2
Let d(q) = -q + 5. Let h be d(5). Suppose 0 = -h*i + 2*i + 6. Let v = i - -12. What is the units digit of v?
9
Suppose 5 = 4*n + 105. Let o = n + 38. What is the units digit of o?
3
What is the units digit of (4 - 96/20)/(1/(-40))?
2
Suppose -c = c - 3*f - 42, -96 = -5*c + 3*f. What is the units digit of (-45)/c*(-8)/5?
4
Let j = 64 - 38. What is the tens digit of j?
2
Suppose 116 - 436 = -5*c. What is the units digit of c?
4
Let o = 16 - 10. What is the units digit of (o/9)/((-2)/(-21))?
7
Let g(o) = -o**2 - 5*o + 3. Let j be g(-5). Let h be (-2)/(-8) + (-94)/(-8). Suppose -2*p + 14 = -j*a, 4*p - h = 5*a + 12. What is the units digit of p?
1
Let y = 359 - 205. What is the hundreds digit of y?
1
Let c = 160 + 56. What is the units digit of c?
6
Suppose 162 = 2*v + i, -2*i - 320 = -4*v - 5*i. What is the units digit of v?
3
Suppose -5*u + 140 = -3*u. Suppose u = 6*g - g. What is the units digit of g?
4
Suppose 2*h - 3*q = 88, -3*h - 2*q + 31 = -75. Suppose o - h = 3. What is the tens digit of o?
4
What is the units digit of 1 - 5/5 - -32?
2
Suppose -i - 5 = 0, 5*i = -4*o + 6*o - 127. What is the tens digit of o?
5
Let a(p) = p**3 - 11*p**2 - 6*p - 7. What is the tens digit of a(12)?
6
What is the tens digit of ((-40)/(-12))/(-5)*(0 + -87)?
5
Let c = -9 + 19. Let g be (-149)/(-5) - (-2)/c. Suppose 3*r + 0*r = g. What is the units digit of r?
0
Let f be (-1 - (-4)/2) + 2. Suppose 3*z + 3*w - 3 = -6, f*w + 27 = 3*z. Suppose q - z*x = -x - 1, -8 = -4*x. What is the units digit of q?
5
Let t = -19 + 10. Let n = t - -22. What is the tens digit of n?
1
Suppose 3*n - 2*n = 0. Suppose 0*g + 5*g - 15 = n. Let w = 10 + g. What is the units digit of w?
3
What is the units digit of 40/(-1 + (-15)/(-10))?
0
Let g be (-3)/(-1 - 51/(-60)). Suppose a + 4 = -4*k, -k = 3*a - 8*a - g. Suppose -2*o + 6 = k, 6*o - o = q + 11. What is the units digit of q?
4
Let p = -3 + 6. Suppose 2*s + 2*o = -0*s + 38, 62 = p*s - 2*o. What is the units digit of s?
0
Suppose -40 + 15 = d. Let b = -17 + 5. Let y = b - d. What is the units digit of y?
3
Let m(s) = s**2 - 6*s - 9. Let p be m(7). What is the tens digit of p/(1 + (-44)/40)?
2
Let w(f) = f**3 + 15*f**2 + 26*f - 7. What is the units digit of w(-7)?
3
Suppose -5*c = j + 2*j - 477, 5*j - 832 = 4*c. What is the tens digit of j?
6
Let s(a) = -a + 4. Let k be s(0). Let z(u) = 4*u + 1. Let w be z(k). Suppose w = -f + 2*f. What is the tens digit of f?
1
Let t be (-4 + 6)/((-4)/(-10)). Suppose 0 = -2*x + t*x - 9. Suppose -j - 2*j + x = 0. What is the units digit of j?
1
Suppose -3*k - o + 110 = 4*o, -3*o + 42 = k. What is the tens digit of k?
3
Let v = -13 + 15. What is the units digit of v?
2
Let l = -68 - -78. Suppose -15 = -9*a + 4*a. Suppose -a*h + l + 1 = -2*s, -5*h - 3*s = -31. What is the units digit of h?
5
Suppose -4*i + 4*o + 912 = -o, 0 = -5*i - 2*o + 1107. Suppose -i - 37 = -4*k. Suppose -4*y = g - k, -3*g + 8*g = 5*y - 50. What is the tens digit of y?
1
Suppose w - 4*i - 5 = 0, -3*w - 105 = -7*w - i. Suppose 2*f = 2*c + 3*c + 50, -f = 4*c - w. What is the tens digit of f?
2
Let x = 12 - 15. What is the units digit of 2 + -1 + (-1 - x)?
3
Let y = 8 + -6. What is the units digit of (1/y)/(3/36)?
6
Let j(h) = -h**2 - 8*h - 6. What is the units digit of j(-5)?
9
Suppose 3*q + 3*t - 2*t = -22, t + 8 = -q. Let x = 13 + q. What is the units digit of x?
6
Let o(w) = w**3 - 10*w**2 + 5*w - 7. What is the tens digit of o(11)?
6
Let c(d) = 9*d + 15. What is the units digit of c(16)?
9
Suppose 8*x - 4*z = 6*x + 298, -2*z - 10 = 0. What is the hundreds digit of x?
1
Let x be (1 - (-12)/4) + -143. Let f = -87 - x. What is the tens digit of f?
5
Suppose -4*c - 12 = q - 5*q, 0 = -2*c + 3*q - 6. Let p = -2 - c. What is the units digit of p?
1
Let p(a) = a**3 - 2*a**2 - 3*a + 2. Let t = -5 + 8. Let x be p(t). Suppose -5*u + 2*l = -l - 20, -x*l = 0. What is the units digit of u?
4
Let z = -4 + 198. What is the units digit of z?
4
Let b = 10 + -7. Suppose 3*c + 28 = -b*z + 70, -4*c - 5*z = -54. What is the units digit of c?
6
Let w(x) = 25*x - 4*x + 3 - 3. Let a be w(1). What is the tens digit of 2/3 + 259/a?
1
Suppose 4 + 1 = 5*m. What is the units digit of m?
1
What is the units digit of 3/(0 - (-3)/89)?
9
Let v(q) = -7*q - 3. Let w be v(-2). Let n = -9 + w. What is the units digit of n?
2
Suppose -7*a - 32 = -5*a. Let q = 30 + a. What is the units digit of q?
4
Let r be (-14)/(-6) - 1/3. Let x(o) = 6 + 6*o**r - 2*o + 6 + 9*o - 5 - o**3. What is the units digit of x(7)?
7
Let r(t) = t**2 + 8*t - 14. What is the units digit of r(-12)?
4
Let v = -2 +